{"id":19,"date":"2026-04-03T09:18:56","date_gmt":"2026-04-03T07:18:56","guid":{"rendered":"https:\/\/wordpress.h3campus.fr\/anais-gimenez\/?page_id=19"},"modified":"2026-04-03T09:18:56","modified_gmt":"2026-04-03T07:18:56","slug":"mentions-legales","status":"publish","type":"page","link":"https:\/\/wordpress.h3campus.fr\/anais-gimenez\/mentions-legales\/","title":{"rendered":"Mentions l\u00e9gales"},"content":{"rendered":"","protected":false},"excerpt":{"rendered":"","protected":false},"author":15,"featured_media":0,"parent":0,"menu_order":0,"comment_status":"closed","ping_status":"closed","template":"","meta":{"site-sidebar-layout":"default","site-content-layout":"","ast-site-content-layout":"default","site-content-style":"default","site-sidebar-style":"default","ast-global-header-display":"","ast-banner-title-visibility":"","ast-main-header-display":"","ast-hfb-above-header-display":"","ast-hfb-below-header-display":"","ast-hfb-mobile-header-display":"","site-post-title":"","ast-breadcrumbs-content":"","ast-featured-img":"","footer-sml-layout":"","ast-disable-related-posts":"","theme-transparent-header-meta":"","adv-header-id-meta":"","stick-header-meta":"","header-above-stick-meta":"","header-main-stick-meta":"","header-below-stick-meta":"","astra-migrate-meta-layouts":"default","ast-page-background-enabled":"default","ast-page-background-meta":{"desktop":{"background-color":"var(--ast-global-color-5)","background-image":"","background-repeat":"repeat","background-position":"center center","background-size":"auto","background-attachment":"scroll","background-type":"","background-media":"","overlay-type":"","overlay-color":"","overlay-opacity":"","overlay-gradient":""},"tablet":{"background-color":"","background-image":"","background-repeat":"repeat","background-position":"center center","background-size":"auto","background-attachment":"scroll","background-type":"","background-media":"","overlay-type":"","overlay-color":"","overlay-opacity":"","overlay-gradient":""},"mobile":{"background-color":"","background-image":"","background-repeat":"repeat","background-position":"center center","background-size":"auto","background-attachment":"scroll","background-type":"","background-media":"","overlay-type":"","overlay-color":"","overlay-opacity":"","overlay-gradient":""}},"ast-content-background-meta":{"desktop":{"background-color":"var(--ast-global-color-4)","background-image":"","background-repeat":"repeat","background-position":"center center","background-size":"auto","background-attachment":"scroll","background-type":"","background-media":"","overlay-type":"","overlay-color":"","overlay-opacity":"","overlay-gradient":""},"tablet":{"background-color":"var(--ast-global-color-4)","background-image":"","background-repeat":"repeat","background-position":"center center","background-size":"auto","background-attachment":"scroll","background-type":"","background-media":"","overlay-type":"","overlay-color":"","overlay-opacity":"","overlay-gradient":""},"mobile":{"background-color":"var(--ast-global-color-4)","background-image":"","background-repeat":"repeat","background-position":"center center","background-size":"auto","background-attachment":"scroll","background-type":"","background-media":"","overlay-type":"","overlay-color":"","overlay-opacity":"","overlay-gradient":""}},"footnotes":""},"class_list":["post-19","page","type-page","status-publish","hentry"],"yoast_head":"<!-- This site is optimized with the Yoast SEO plugin v27.4 - https:\/\/yoast.com\/product\/yoast-seo-wordpress\/ -->\n<title>Mentions l\u00e9gales - bongo\u00fbt<\/title>\n<meta name=\"robots\" content=\"index, follow, max-snippet:-1, max-image-preview:large, max-video-preview:-1\" \/>\n<link rel=\"canonical\" href=\"https:\/\/wordpress.h3campus.fr\/anais-gimenez\/mentions-legales\/\" \/>\n<meta property=\"og:locale\" content=\"fr_FR\" \/>\n<meta property=\"og:type\" content=\"article\" \/>\n<meta property=\"og:title\" content=\"Mentions l\u00e9gales - bongo\u00fbt\" \/>\n<meta property=\"og:url\" content=\"https:\/\/wordpress.h3campus.fr\/anais-gimenez\/mentions-legales\/\" \/>\n<meta property=\"og:site_name\" content=\"bongo\u00fbt\" \/>\n<meta name=\"twitter:card\" content=\"summary_large_image\" \/>\n<script type=\"application\/ld+json\" class=\"yoast-schema-graph\">{\"@context\":\"https:\\\/\\\/schema.org\",\"@graph\":[{\"@type\":\"WebPage\",\"@id\":\"https:\\\/\\\/wordpress.h3campus.fr\\\/anais-gimenez\\\/mentions-legales\\\/\",\"url\":\"https:\\\/\\\/wordpress.h3campus.fr\\\/anais-gimenez\\\/mentions-legales\\\/\",\"name\":\"Mentions l\u00e9gales - bongo\u00fbt\",\"isPartOf\":{\"@id\":\"https:\\\/\\\/wordpress.h3campus.fr\\\/anais-gimenez\\\/#website\"},\"datePublished\":\"2026-04-03T07:18:56+00:00\",\"breadcrumb\":{\"@id\":\"https:\\\/\\\/wordpress.h3campus.fr\\\/anais-gimenez\\\/mentions-legales\\\/#breadcrumb\"},\"inLanguage\":\"fr-FR\",\"potentialAction\":[{\"@type\":\"ReadAction\",\"target\":[\"https:\\\/\\\/wordpress.h3campus.fr\\\/anais-gimenez\\\/mentions-legales\\\/\"]}]},{\"@type\":\"BreadcrumbList\",\"@id\":\"https:\\\/\\\/wordpress.h3campus.fr\\\/anais-gimenez\\\/mentions-legales\\\/#breadcrumb\",\"itemListElement\":[{\"@type\":\"ListItem\",\"position\":1,\"name\":\"Home\",\"item\":\"https:\\\/\\\/wordpress.h3campus.fr\\\/anais-gimenez\\\/\"},{\"@type\":\"ListItem\",\"position\":2,\"name\":\"Mentions l\u00e9gales\"}]},{\"@type\":\"WebSite\",\"@id\":\"https:\\\/\\\/wordpress.h3campus.fr\\\/anais-gimenez\\\/#website\",\"url\":\"https:\\\/\\\/wordpress.h3campus.fr\\\/anais-gimenez\\\/\",\"name\":\"bongo\u00fbt\",\"description\":\"Ce blog est n\u00e9 de cette passion : d\u00e9couvrir des restaurants, tester des lieux vari\u00e9s et partager mes vraies impressions. Pas de recommandations \u201cparce qu\u2019il faut en parler\u201d, mais uniquement des adresses que j\u2019ai aim\u00e9es, ou qui valent sinc\u00e8rement le d\u00e9tour.&lt;br&gt;\u00c0 travers votre \u00e9cran, je vous emm\u00e8ne avec moi dans mes explorations culinaires partout en France. Vous y trouverez des restaurants simples, des p\u00e9pites cach\u00e9es, des concepts originaux, mais aussi parfois des lieux plus connus revisit\u00e9s avec mon regard. \",\"publisher\":{\"@id\":\"https:\\\/\\\/wordpress.h3campus.fr\\\/anais-gimenez\\\/#organization\"},\"potentialAction\":[{\"@type\":\"SearchAction\",\"target\":{\"@type\":\"EntryPoint\",\"urlTemplate\":\"https:\\\/\\\/wordpress.h3campus.fr\\\/anais-gimenez\\\/?s={search_term_string}\"},\"query-input\":{\"@type\":\"PropertyValueSpecification\",\"valueRequired\":true,\"valueName\":\"search_term_string\"}}],\"inLanguage\":\"fr-FR\"},{\"@type\":\"Organization\",\"@id\":\"https:\\\/\\\/wordpress.h3campus.fr\\\/anais-gimenez\\\/#organization\",\"name\":\"bongo\u00fbt\",\"url\":\"https:\\\/\\\/wordpress.h3campus.fr\\\/anais-gimenez\\\/\",\"logo\":{\"@type\":\"ImageObject\",\"inLanguage\":\"fr-FR\",\"@id\":\"https:\\\/\\\/wordpress.h3campus.fr\\\/anais-gimenez\\\/#\\\/schema\\\/logo\\\/image\\\/\",\"url\":\"https:\\\/\\\/wordpress.h3campus.fr\\\/anais-gimenez\\\/wp-content\\\/uploads\\\/sites\\\/18\\\/2026\\\/04\\\/cropped-cropped-logo-1.png\",\"contentUrl\":\"https:\\\/\\\/wordpress.h3campus.fr\\\/anais-gimenez\\\/wp-content\\\/uploads\\\/sites\\\/18\\\/2026\\\/04\\\/cropped-cropped-logo-1.png\",\"width\":1079,\"height\":1551,\"caption\":\"bongo\u00fbt\"},\"image\":{\"@id\":\"https:\\\/\\\/wordpress.h3campus.fr\\\/anais-gimenez\\\/#\\\/schema\\\/logo\\\/image\\\/\"}}]}<\/script>\n<!-- \/ Yoast SEO plugin. -->","yoast_head_json":{"title":"Mentions l\u00e9gales - bongo\u00fbt","robots":{"index":"index","follow":"follow","max-snippet":"max-snippet:-1","max-image-preview":"max-image-preview:large","max-video-preview":"max-video-preview:-1"},"canonical":"https:\/\/wordpress.h3campus.fr\/anais-gimenez\/mentions-legales\/","og_locale":"fr_FR","og_type":"article","og_title":"Mentions l\u00e9gales - bongo\u00fbt","og_url":"https:\/\/wordpress.h3campus.fr\/anais-gimenez\/mentions-legales\/","og_site_name":"bongo\u00fbt","twitter_card":"summary_large_image","schema":{"@context":"https:\/\/schema.org","@graph":[{"@type":"WebPage","@id":"https:\/\/wordpress.h3campus.fr\/anais-gimenez\/mentions-legales\/","url":"https:\/\/wordpress.h3campus.fr\/anais-gimenez\/mentions-legales\/","name":"Mentions l\u00e9gales - bongo\u00fbt","isPartOf":{"@id":"https:\/\/wordpress.h3campus.fr\/anais-gimenez\/#website"},"datePublished":"2026-04-03T07:18:56+00:00","breadcrumb":{"@id":"https:\/\/wordpress.h3campus.fr\/anais-gimenez\/mentions-legales\/#breadcrumb"},"inLanguage":"fr-FR","potentialAction":[{"@type":"ReadAction","target":["https:\/\/wordpress.h3campus.fr\/anais-gimenez\/mentions-legales\/"]}]},{"@type":"BreadcrumbList","@id":"https:\/\/wordpress.h3campus.fr\/anais-gimenez\/mentions-legales\/#breadcrumb","itemListElement":[{"@type":"ListItem","position":1,"name":"Home","item":"https:\/\/wordpress.h3campus.fr\/anais-gimenez\/"},{"@type":"ListItem","position":2,"name":"Mentions l\u00e9gales"}]},{"@type":"WebSite","@id":"https:\/\/wordpress.h3campus.fr\/anais-gimenez\/#website","url":"https:\/\/wordpress.h3campus.fr\/anais-gimenez\/","name":"bongo\u00fbt","description":"Ce blog est n\u00e9 de cette passion : d\u00e9couvrir des restaurants, tester des lieux vari\u00e9s et partager mes vraies impressions. Pas de recommandations \u201cparce qu\u2019il faut en parler\u201d, mais uniquement des adresses que j\u2019ai aim\u00e9es, ou qui valent sinc\u00e8rement le d\u00e9tour.&lt;br&gt;\u00c0 travers votre \u00e9cran, je vous emm\u00e8ne avec moi dans mes explorations culinaires partout en France. Vous y trouverez des restaurants simples, des p\u00e9pites cach\u00e9es, des concepts originaux, mais aussi parfois des lieux plus connus revisit\u00e9s avec mon regard. ","publisher":{"@id":"https:\/\/wordpress.h3campus.fr\/anais-gimenez\/#organization"},"potentialAction":[{"@type":"SearchAction","target":{"@type":"EntryPoint","urlTemplate":"https:\/\/wordpress.h3campus.fr\/anais-gimenez\/?s={search_term_string}"},"query-input":{"@type":"PropertyValueSpecification","valueRequired":true,"valueName":"search_term_string"}}],"inLanguage":"fr-FR"},{"@type":"Organization","@id":"https:\/\/wordpress.h3campus.fr\/anais-gimenez\/#organization","name":"bongo\u00fbt","url":"https:\/\/wordpress.h3campus.fr\/anais-gimenez\/","logo":{"@type":"ImageObject","inLanguage":"fr-FR","@id":"https:\/\/wordpress.h3campus.fr\/anais-gimenez\/#\/schema\/logo\/image\/","url":"https:\/\/wordpress.h3campus.fr\/anais-gimenez\/wp-content\/uploads\/sites\/18\/2026\/04\/cropped-cropped-logo-1.png","contentUrl":"https:\/\/wordpress.h3campus.fr\/anais-gimenez\/wp-content\/uploads\/sites\/18\/2026\/04\/cropped-cropped-logo-1.png","width":1079,"height":1551,"caption":"bongo\u00fbt"},"image":{"@id":"https:\/\/wordpress.h3campus.fr\/anais-gimenez\/#\/schema\/logo\/image\/"}}]}},"_links":{"self":[{"href":"https:\/\/wordpress.h3campus.fr\/anais-gimenez\/wp-json\/wp\/v2\/pages\/19","targetHints":{"allow":["GET"]}}],"collection":[{"href":"https:\/\/wordpress.h3campus.fr\/anais-gimenez\/wp-json\/wp\/v2\/pages"}],"about":[{"href":"https:\/\/wordpress.h3campus.fr\/anais-gimenez\/wp-json\/wp\/v2\/types\/page"}],"author":[{"embeddable":true,"href":"https:\/\/wordpress.h3campus.fr\/anais-gimenez\/wp-json\/wp\/v2\/users\/15"}],"replies":[{"embeddable":true,"href":"https:\/\/wordpress.h3campus.fr\/anais-gimenez\/wp-json\/wp\/v2\/comments?post=19"}],"version-history":[{"count":1,"href":"https:\/\/wordpress.h3campus.fr\/anais-gimenez\/wp-json\/wp\/v2\/pages\/19\/revisions"}],"predecessor-version":[{"id":20,"href":"https:\/\/wordpress.h3campus.fr\/anais-gimenez\/wp-json\/wp\/v2\/pages\/19\/revisions\/20"}],"wp:attachment":[{"href":"https:\/\/wordpress.h3campus.fr\/anais-gimenez\/wp-json\/wp\/v2\/media?parent=19"}],"curies":[{"name":"wp","href":"https:\/\/api.w.org\/{rel}","templated":true}]}}